{"id":5,"date":"2021-01-11T18:31:25","date_gmt":"2021-01-11T17:31:25","guid":{"rendered":"http:\/\/psychiatrie-in-berlin.de\/vpsg\/?page_id=5"},"modified":"2021-05-17T13:50:24","modified_gmt":"2021-05-17T11:50:24","slug":"iv-pibb","status":"publish","type":"page","link":"http:\/\/psychiatrie-in-berlin.de\/vpsg\/iv-pibb\/","title":{"rendered":"IV | PIBB"},"content":{"rendered":"\n<div style=\"height:100px\" aria-hidden=\"true\" class=\"wp-block-spacer\"><\/div>\n\n\n\n<p>Die <strong>PIBB &#8211; Psychiatrie Initiative Berlin Brandenburg &#8211;<\/strong> ist die Managementgesellschaft des Vereins f\u00fcr Psychiatrie und seelische Gesundheit.<\/p>\n\n\n\n<p>Die PIBB ist Organisator und Vertragspartner der Kostentr\u00e4ger f\u00fcr Vertr\u00e4ge zur Integrierten Versorgung von Menschen mit psychischen St\u00f6rungen und Erkrankungen.<\/p>\n\n\n\n<p>Ausf\u00fchrliche Informationen zu den Aktivit\u00e4ten der PIBB<br>finden Sie auf \u00bb <a href=\"https:\/\/www.pi-bb.de\" data-type=\"URL\" data-id=\"https:\/\/www.pi-bb.de\" target=\"_blank\" rel=\"noreferrer noopener\">www.pi-bb.de<\/a><\/p>\n","protected":false},"excerpt":{"rendered":"<p>Die PIBB &#8211; Psychiatrie Initiative Berlin Brandenburg &#8211; ist die Managementgesellschaft des Vereins f\u00fcr Psychiatrie und seelische Gesundheit. Die PIBB ist Organisator und Vertragspartner der Kostentr\u00e4ger f\u00fcr Vertr\u00e4ge zur Integrierten Versorgung von Menschen mit psychischen St\u00f6rungen und Erkrankungen. Ausf\u00fchrliche Informationen zu den Aktivit\u00e4ten der PIBBfinden Sie auf \u00bb www.pi-bb.de<\/p>\n","protected":false},"author":1,"featured_media":0,"parent":0,"menu_order":0,"comment_status":"closed","ping_status":"closed","template":"","meta":{"_acf_changed":false,"ngg_post_thumbnail":0,"footnotes":""},"class_list":["post-5","page","type-page","status-publish","hentry"],"acf":[],"_links":{"self":[{"href":"http:\/\/psychiatrie-in-berlin.de\/vpsg\/wp-json\/wp\/v2\/pages\/5","targetHints":{"allow":["GET"]}}],"collection":[{"href":"http:\/\/psychiatrie-in-berlin.de\/vpsg\/wp-json\/wp\/v2\/pages"}],"about":[{"href":"http:\/\/psychiatrie-in-berlin.de\/vpsg\/wp-json\/wp\/v2\/types\/page"}],"author":[{"embeddable":true,"href":"http:\/\/psychiatrie-in-berlin.de\/vpsg\/wp-json\/wp\/v2\/users\/1"}],"replies":[{"embeddable":true,"href":"http:\/\/psychiatrie-in-berlin.de\/vpsg\/wp-json\/wp\/v2\/comments?post=5"}],"version-history":[{"count":3,"href":"http:\/\/psychiatrie-in-berlin.de\/vpsg\/wp-json\/wp\/v2\/pages\/5\/revisions"}],"predecessor-version":[{"id":846,"href":"http:\/\/psychiatrie-in-berlin.de\/vpsg\/wp-json\/wp\/v2\/pages\/5\/revisions\/846"}],"wp:attachment":[{"href":"http:\/\/psychiatrie-in-berlin.de\/vpsg\/wp-json\/wp\/v2\/media?parent=5"}],"curies":[{"name":"wp","href":"https:\/\/api.w.org\/{rel}","templated":true}]}}