{"id":36,"date":"2021-01-11T19:25:15","date_gmt":"2021-01-11T18:25:15","guid":{"rendered":"http:\/\/psychiatrie-in-berlin.de\/vpsg\/?page_id=36"},"modified":"2021-05-17T13:49:23","modified_gmt":"2021-05-17T11:49:23","slug":"hintergrund","status":"publish","type":"page","link":"http:\/\/psychiatrie-in-berlin.de\/vpsg\/verein\/hintergrund\/","title":{"rendered":"Hintergrund"},"content":{"rendered":"\n<p>Hintergrund f\u00fcr die Vereinsgr\u00fcndung im Jahr 2003 war eine zunehmende Verschlechterung ambulanter psychiatrischer Versorgungsm\u00f6glichkeiten gerade f\u00fcr psychisch schwer Kranke. Dies betraf v.a. Einschr\u00e4nkungen im Bereich der Psychotherapie, der medikament\u00f6sen Behandlung (Regress bei Verordnung neuer nebenwirkungs\u00e4rmerer Medikamente) wie auch der psychiatrisch\/psychotherapeutischen Basisversorgung.<\/p>\n\n\n\n<p>Auch wenn heute \u2013 zehn Jahre sp\u00e4ter \u2013 sich in der Versorgung psychisch Kranker vieles ver\u00e4ndert hat, bleibt die Versorgungslage weiterhin angespannt. Die zunehmende \u00d6konomisierung des Gesundheitssystems und der demographische Wandel werden die Situation in Zukunft zus\u00e4tzlich versch\u00e4rfen.<\/p>\n\n\n\n<p>Auf diese Thematik hat auch die Deutsche Gesellschaft f\u00fcr Psychiatrie und Psychotherapie, Psychosomatik und Nervenheilkunde (DGPPN) zuletzt auf dem 16. Hauptstadtsymposium im Juni 2013 unter dem Titel \u00bb \u201ePsychisch Kranke &#8211; Stiefkinder des Gesundheitswesens?&#8220; hingewiesen.<\/p>\n\n\n\n<p>Die Relevanz f\u00fcr die allt\u00e4glichen Aufgaben und Herausforderungen in der Versorgung gerade schwer Kranker ist der entscheidende Bezugspunkt unseres Engagements. Eine individualisierte Behandlung, die dem ganzheitlichen Verst\u00e4ndnis des seelisch Erkrankten gerecht wird und den sozial-gesellschaftlichen Bezug im Auge beh\u00e4lt, ist die Zielvorgabe &#8211; der Respekt vor der Andersartigkeit der Menschen die Basis.<\/p>\n\n\n\n<p>Ein Schwerpunkt der Vereinsaktivit\u00e4ten besteht in der F\u00f6rderung einer qualit\u00e4tsgesicherten, interdisziplin\u00e4ren Zusammenarbeit aller Leistungserbringer, die an der Versorgung psychisch Kranker beteiligt sind.<\/p>\n\n\n\n<p>Wir kooperieren mit allen Versorgungseinrichtungen, den Krankheitsbetroffenen und deren Angeh\u00f6rigen.<\/p>\n\n\n\n<p>Mehr Hintergrundinformationen, Zahlen und Daten aus dem Gr\u00fcndungsjahr des Vereins finden Sie <a href=\"http:\/\/psychiatrie-in-berlin.de\/vpsg\/archiv-2\/\/\" data-type=\"page\">hier im Archiv.<\/a><\/p>\n","protected":false},"excerpt":{"rendered":"<p>Hintergrund f\u00fcr die Vereinsgr\u00fcndung im Jahr 2003 war eine zunehmende Verschlechterung ambulanter psychiatrischer Versorgungsm\u00f6glichkeiten gerade f\u00fcr psychisch schwer Kranke. Dies betraf v.a. Einschr\u00e4nkungen im Bereich der Psychotherapie, der medikament\u00f6sen Behandlung (Regress bei Verordnung neuer nebenwirkungs\u00e4rmerer Medikamente) wie auch der psychiatrisch\/psychotherapeutischen Basisversorgung. Auch wenn heute \u2013 zehn Jahre sp\u00e4ter \u2013 sich in der Versorgung psychisch Kranker [&hellip;]<\/p>\n","protected":false},"author":1,"featured_media":0,"parent":9,"menu_order":0,"comment_status":"closed","ping_status":"closed","template":"","meta":{"_acf_changed":false,"ngg_post_thumbnail":0,"footnotes":""},"class_list":["post-36","page","type-page","status-publish","hentry"],"acf":[],"_links":{"self":[{"href":"http:\/\/psychiatrie-in-berlin.de\/vpsg\/wp-json\/wp\/v2\/pages\/36","targetHints":{"allow":["GET"]}}],"collection":[{"href":"http:\/\/psychiatrie-in-berlin.de\/vpsg\/wp-json\/wp\/v2\/pages"}],"about":[{"href":"http:\/\/psychiatrie-in-berlin.de\/vpsg\/wp-json\/wp\/v2\/types\/page"}],"author":[{"embeddable":true,"href":"http:\/\/psychiatrie-in-berlin.de\/vpsg\/wp-json\/wp\/v2\/users\/1"}],"replies":[{"embeddable":true,"href":"http:\/\/psychiatrie-in-berlin.de\/vpsg\/wp-json\/wp\/v2\/comments?post=36"}],"version-history":[{"count":4,"href":"http:\/\/psychiatrie-in-berlin.de\/vpsg\/wp-json\/wp\/v2\/pages\/36\/revisions"}],"predecessor-version":[{"id":845,"href":"http:\/\/psychiatrie-in-berlin.de\/vpsg\/wp-json\/wp\/v2\/pages\/36\/revisions\/845"}],"up":[{"embeddable":true,"href":"http:\/\/psychiatrie-in-berlin.de\/vpsg\/wp-json\/wp\/v2\/pages\/9"}],"wp:attachment":[{"href":"http:\/\/psychiatrie-in-berlin.de\/vpsg\/wp-json\/wp\/v2\/media?parent=36"}],"curies":[{"name":"wp","href":"https:\/\/api.w.org\/{rel}","templated":true}]}}