{"id":115,"date":"2021-01-12T18:36:54","date_gmt":"2021-01-12T17:36:54","guid":{"rendered":"http:\/\/psychiatrie-in-berlin.de\/vpsg\/?page_id=115"},"modified":"2026-04-06T21:03:57","modified_gmt":"2026-04-06T19:03:57","slug":"aktuell","status":"publish","type":"page","link":"http:\/\/psychiatrie-in-berlin.de\/vpsg\/aktuell\/","title":{"rendered":"Aktuell"},"content":{"rendered":"<div class=\"posts\"><div class=\"post\"><p class=\"datum\"><strong>19. M\u00e4rz 2026 | Mitteilung<\/strong><\/p><h2 class=\"post_archiv\">Aktuell: Honorark\u00fcrzungen in der Psychotherapie<\/h2><p class=\"exzerpt\">Der <b>Vorstand des vpsg und die Gesch\u00e4ftsf\u00fchrung der PIBB<\/b> unterst\u00fctzen ausdr\u00fccklich die Stellungnahme der Deutschen Gesellschaft f\u00fcr Psychiatrie und Psychotherapie, Psychosomatik und Nervenheilkunde e. V. <b>(DGPPN)<\/b>, die unter dem Titel <b>\u201eHonorark\u00fcrzungen setzen falsches Signal f\u00fcr die psychische Gesundheit\u201c<\/b> am 13.3.26 ver\u00f6ffentlicht wurde. In der Stellungnahme wurde dieser Beschlu\u00df insbesondere deshalb scharf kritisiert, weil <b>psychische Gesundheit nicht zu einem Sparposten im Gesundheitssystem werden darf<\/b>. Als besonders problematisch bewertet die DGPPN die m\u00f6glichen Folgen f\u00fcr Menschen mit schweren psychischen Erkrankungen, die h\u00e4ufig intensive, langfristige und multiprofessionell abgestimmte Behandlungsangebote ben\u00f6tigen.  <a href=\"http:\/\/psychiatrie-in-berlin.de\/vpsg\/honorarkuerzungen-in-der-psychotherapie\/\"> weiter<\/a><\/p><\/div><div class=\"post\"><p class=\"datum\"><strong>4. Februar 2026 | Veranstaltungsbericht<\/strong><\/p><h2 class=\"post_archiv\">16. Berliner psychiatrisch-religionswissenschaftliches Colloquium am 12.11.2025<\/h2><p class=\"exzerpt\">Das mittlerweile <b>16. Berliner psychiatrisch-religionswissenschaftliche Colloquium<\/b> wurde auch im Jahr 2025 wieder vom Arbeitskreis Religion & Psychiatrie im Verein f\u00fcr Psychiatrie und seelische Gesundheit organisiert und fand mit fast 100 Teilnehmern erneut im gro\u00dfen H\u00f6rsaal der Holzlaube der FU in Berlin-Dahlem statt. Das <b>Thema \u201eReligion und Zwangsst\u00f6rung\u201c<\/b> motivierte wegen seiner klinischen Relevanz diesmal besonders viele Psychiater und Nerven\u00e4rzte zur Teilnahme; bemerkenswert war aber auch das breite Interesse seelsorgerisch aktiver Berater. Lesen hier den ausf\u00fchrlichen <b>Tagungsbericht<\/b> von Dr. Norbert M\u00f6nter. <a href=\"http:\/\/psychiatrie-in-berlin.de\/vpsg\/16-berliner-psychiatrisch-religionswissenschaftlichen-colloquium-am-12-11-2025\/\"> weiter<\/a><\/p><\/div><div class=\"post\"><p class=\"datum\"><strong>16. November 2025 | Mitteilung<\/strong><\/p><h2 class=\"post_archiv\">Ambulante Komplexbehandlung der PIBB startet in Brandenburg<\/h2><p class=\"exzerpt\">Nach intensiver Vorarbeit und l\u00e4ngerem Warten ist von der Kassen\u00e4rztlichen Vereinigung Brandenburg nunmehr die Genehmigung zur <b>Teilnahme unseres Netzverbunds (PIBB) an der Ambulanten Komplexbehandlung in Barnim-Uckermark (Brandenburg)<\/b> r\u00fcckwirkend ab 1.10.2025 erteilt worden. <a href=\"http:\/\/psychiatrie-in-berlin.de\/vpsg\/ambulante-komplexbehandlung-der-pibb-startet-in-barnim-uckermark\/\"> weiter<\/a><\/p><\/div><\/div>\n\n\n\n<p><\/p>\n\n\n\n<h2 class=\"wp-block-heading\" id=\"Termine\" style=\"font-style:normal;font-weight:400\">TERMINE<\/h2>\n\n\n\n<h2 class=\"wp-block-heading\" style=\"font-size:26px\"><strong>Montag, 4. Mai <\/strong><strong>2026 |<\/strong> <strong>19:30 &#8211; 21:30 Uh<\/strong>r<\/h2>\n\n\n\n<p style=\"font-size:26px\"><strong>>> Mitgliederversammlung vpsg<\/strong> <strong>und PIBB Netzkonferenz<\/strong> &#8211; Thema: <br>Absetzen von Medikation in Psychiatrie und Psychotherapie<\/p>\n\n\n\n<p>Referenten: Dr. Dipl.-Psych. Friederike Schmidt-Hoffmann (Psycholog. Psychotherapeutin) und PD Dr. Jonathan Hessler (OA St. Hedwigs Krankenhaus, Sprechstunde Begleitetes Absetzen von psych. Medikation)<\/p>\n\n\n\n<p style=\"font-size:18px\"><strong>Ort: <\/strong> KV Berlin, Masurenallee 4-6, 14 057 Berlin<\/p>\n\n\n\n<hr class=\"wp-block-separator has-alpha-channel-opacity\"\/>\n\n\n\n<h2 class=\"wp-block-heading\" style=\"font-size:26px\"><strong>Mittwoch, 3. Juni<\/strong> <strong>2026 |<\/strong> <strong>15:00 &#8211; 19:30 Uh<\/strong><\/h2>\n\n\n\n<p style=\"font-size:26px\"><strong>&gt;&gt; TAGUNG von vpsg und PIBB: &#8222;Gut vernetzt 2026&#8220; <\/strong>&#8211; Schwerpunktthemen: Psychotherapie f\u00fcr Menschen mit schweren pschischen Erkrankungen, Kooperation ambulant &#8211; station\u00e4r<\/p>\n\n\n\n<p><strong>Ort: <\/strong>Haus der Land- und Ern\u00e4hrungswirtschaft, Claire-Waldoff-Str.7, 10117 Berlin-Mitte<\/p>\n\n\n\n<hr class=\"wp-block-separator has-alpha-channel-opacity\"\/>\n\n\n\n<h2 class=\"wp-block-heading\" style=\"font-size:26px\"><strong>Montag, 7. September<\/strong> <strong>2026 |<\/strong> <strong>18:30 &#8211; 20:30 Uh<\/strong><\/h2>\n\n\n\n<p style=\"font-size:26px\"><strong>&gt;&gt; Trialogischer Abend<\/strong>: &#8222;Selbst- und Fremdwahrnehmung in psychischen Krisen&#8220;<\/p>\n\n\n\n<p><strong>Ort: <\/strong> Georgensaal im Evang. Kirchenforum, Klosterstrasse 66, 10179 Berlin-Mitte<\/p>\n\n\n\n<hr class=\"wp-block-separator has-alpha-channel-opacity\"\/>\n\n\n\n<h2 class=\"wp-block-heading\" style=\"font-size:26px\"><strong>Montag, 12. Oktober 2026 | 19:30 &#8211; 21:30 Uhr<\/strong><\/h2>\n\n\n\n<p style=\"font-size:26px\"><strong>&gt;&gt; Mitgliederversammlung vpsg<\/strong> <strong>und PIBB Netzkonferenz<\/strong> &#8211; geplantes Thema: Selbsthilfe<\/p>\n\n\n\n<p style=\"font-size:18px\"><strong>Ort: <\/strong>KV Berlin, Masurenallee 4-6, 14057 Berlin<\/p>\n\n\n\n<hr class=\"wp-block-separator has-alpha-channel-opacity\"\/>\n\n\n\n<h2 class=\"wp-block-heading\" id=\"Veranstaltungen\" style=\"font-style:normal;font-weight:400;text-transform:uppercase\">Veranstaltungstipps<\/h2>\n\n\n\n<h2 class=\"wp-block-heading\" style=\"font-size:26px\"><strong>8. &#8211; 10. Mai 2026 | Charite<\/strong> <strong>Campus Mitte<\/strong> &#8211; <strong>alte Nervenklinik<\/strong><\/h2>\n\n\n\n<p style=\"font-size:26px\"><strong>&gt;&gt; 16. DDPP &#8211; Kongre\u00df: &#8222;Wahn als Konstruktion von Bedeutung &#8211; Folgen f\u00fcr Psychotherapie und Gesellschaft?&#8220;<\/strong><\/p>\n\n\n\n<p>Wahn wird h\u00e4ufig verstanden als krankheitsbedingte, fehlerhafte, scheinbar unverst\u00e4ndliche Beurteilung der Realit\u00e4t. Der Bedeutung dieses Ph\u00e4nomens f\u00fcr Betroffene, aber auch f\u00fcr das Menschsein an sich wird dieser Definitionsversuch kaum gerecht. Wer wahnhaft wird, konstruiert Bedeutung &#8211; um sich herum, aber auch f\u00fcr sich selbst \u2013 zur Not auch um den Preis des Bezugs zur geteilten Realit\u00e4t. Die subjektive Bedeutung der Wahninhalte ist individuell sehr verschieden ausgepr\u00e4gt. Es lohnt sich, dieser Bedeutung nachzugehen. Was kann Psychotherapie hierzu beitragen? Wir wollen diesen Fragen nachgehen- unter der Annahme, dass dem Menschen Bedeutung zu geben, als Mensch Bedeutung zu haben, ein zentrales Element des Wahngeschehens ist. Referent:innen: <strong>Prof. Dr. Thomas Bock (Hamburg), Prof. Dr. Dr. Andreas Heinz (T\u00fcbingen), Jascha Mai (Berlin), Dr. Julian M\u00f6ller (Basel), Dipl.-Psych. Simon Ohlig (Berlin) und Dr. Hans Schultze-Jena (Hamburg)<\/strong>. <br>Online <strong>Programm und Anmeldung<\/strong> finden Sie <strong><a href=\"https:\/\/www.ddpp.eu\/congreses\/16-ddpp-kongress\" target=\"_blank\" rel=\"noreferrer noopener\">hier<\/a> <\/strong><\/p>\n\n\n\n<hr class=\"wp-block-separator has-alpha-channel-opacity\"\/>\n","protected":false},"excerpt":{"rendered":"<p>TERMINE Montag, 4. Mai 2026 | 19:30 &#8211; 21:30 Uhr >> Mitgliederversammlung vpsg und PIBB Netzkonferenz &#8211; Thema: Absetzen von Medikation in Psychiatrie und Psychotherapie Referenten: Dr. Dipl.-Psych. Friederike Schmidt-Hoffmann (Psycholog. Psychotherapeutin) und PD Dr. Jonathan Hessler (OA St. Hedwigs Krankenhaus, Sprechstunde Begleitetes Absetzen von psych. Medikation) Ort: KV Berlin, Masurenallee 4-6, 14 057 Berlin [&hellip;]<\/p>\n","protected":false},"author":2,"featured_media":856,"parent":0,"menu_order":0,"comment_status":"closed","ping_status":"closed","template":"","meta":{"_acf_changed":false,"ngg_post_thumbnail":0,"footnotes":""},"class_list":["post-115","page","type-page","status-publish","has-post-thumbnail","hentry"],"acf":[],"_links":{"self":[{"href":"http:\/\/psychiatrie-in-berlin.de\/vpsg\/wp-json\/wp\/v2\/pages\/115","targetHints":{"allow":["GET"]}}],"collection":[{"href":"http:\/\/psychiatrie-in-berlin.de\/vpsg\/wp-json\/wp\/v2\/pages"}],"about":[{"href":"http:\/\/psychiatrie-in-berlin.de\/vpsg\/wp-json\/wp\/v2\/types\/page"}],"author":[{"embeddable":true,"href":"http:\/\/psychiatrie-in-berlin.de\/vpsg\/wp-json\/wp\/v2\/users\/2"}],"replies":[{"embeddable":true,"href":"http:\/\/psychiatrie-in-berlin.de\/vpsg\/wp-json\/wp\/v2\/comments?post=115"}],"version-history":[{"count":264,"href":"http:\/\/psychiatrie-in-berlin.de\/vpsg\/wp-json\/wp\/v2\/pages\/115\/revisions"}],"predecessor-version":[{"id":1811,"href":"http:\/\/psychiatrie-in-berlin.de\/vpsg\/wp-json\/wp\/v2\/pages\/115\/revisions\/1811"}],"wp:featuredmedia":[{"embeddable":true,"href":"http:\/\/psychiatrie-in-berlin.de\/vpsg\/wp-json\/wp\/v2\/media\/856"}],"wp:attachment":[{"href":"http:\/\/psychiatrie-in-berlin.de\/vpsg\/wp-json\/wp\/v2\/media?parent=115"}],"curies":[{"name":"wp","href":"https:\/\/api.w.org\/{rel}","templated":true}]}}